6.
35
What is (-1 - 0) + -7 - (-98 - -72 - 1)?
19
19 - (7 + (17 - 8) + -7) - 26
-16
Evaluate 11 + (-16 - -13) - (5 - 1).
4
0 - (1 + -6 + 1 - -5)
-1
-7 + -4 + 46 + -20
15
What is the value of 0 + -9 + 55 + -25 + -25?
-4
Evaluate -2 + (-22 - (4 - 10)) + 7 + -10.
-21
What is 36 - (29 - (75 + -46))?
36
Calculate (31 - 40) + 4 + (2 - 4).
-7
Calculate 77 + -46 + 7 + (-15 - 11).
12
Calculate (3 + -11 - -13) + -3 - -24.
26
Calculate (-9 - 27) + 34 + -2 + 2 + 24.
22
Calculate 5 + -6 + (-6 - -6) + 10.
9
What is -13 - (-5 - -2) - -13?
3
4 - (8 + -5) - (37 - 30)
-6
What is the value of -27 - 0 - (-18 + (5 - -4) + 9)?
-27
Evaluate -593 + 616 - (0 + 41).
-18
What is the value of 1 + 11 - (87 - 74)?
-1
-3 + 5 - (-1 - (2 - -1) - 5)
11
What is the value of 3 - (4 + -4 - 5 - -3) - -5?
10
Calculate -14 + 5 + -12 + (1 - -39).
19
Evaluate 0 - -3 - 8 - (-98 - -90) - -5.
8
8 - ((0 - 8) + 0 - (-175 + 200))
41
What is the value of 35 - 37 - (1 + 6) - 1?
-10
What is the value of (-14 - 5 - -5) + 9 + -8?
-13
Evaluate -627 - -678 - (0 - -32).
19
Evaluate 19 - (-8 - (13 - (5 + 12))).
23
-6 - -16 - 18 - (-4 - 1)
-3
Evaluate (-3 - (-1 + (-13 - 2))) + (-2 - -6).
17
Calculate (-2 + 3 + -3 - -3) + 33 + -33.
1
-2 - -5 - (9 + 0) - (-7 + 1)
0
What is -22 - (-6 - (23 + -6))?
1
What is 17 + (-15 - (4 + -19))?
17
Calculate -8 + -11 + (-3 - -8) + 15.
1
Evaluate -5 - -3 - (-9 + (-6 - (9 - 3))).
19
Evaluate (-8 + 12 - (5 + -5)) + (2 - 1).
5
What is (5 - 2) + -54 + 63?
12
-110 + 102 + (6 - 2)
-4
6 - 11 - (2 - (-2 + 1))
-8
Evaluate -139 + 149 + 4 + -23.
-9
-13 - (-28 + 9) - (-6 - -1)
11
What is 4 + -11 + 0 + (9 - 3 - -2)?
1
What is 10 + 1 + 8 + -11 + -3?
5
What is the value of 11 + -2 - (6 - (19 + -14))?
8
Calculate 4 + (30 - (64 + -38)).
8
(-16 + 29 + -13 - -7) + -21 + 0
-14
Evaluate (-3 - 0) + 6 + (-3 - -7) + -9.
-2
What is the value of -5 - (-4 - (29 - (10 - 6)))?
24
-15 + (-7 - (-6 - 5)) + 11
0
Evaluate -14 + (-17 - -15) + -14 + 3.
-27
0 - 0 - (0 - 36) - (179 + -170)
27
What is the value of (-6 + 15 - 6) + -6?
-3
What is 1912 - 1888 - ((5 - (0 - 2)) + 2)?
15
What is the value of (8 - 1) + (-80 - -75) + -12 + -2?
-12
What is -40 - (26 - (-4 + 52))?
-18
What is 18 - 11 - -13 - 13?
7
What is 39 + -1 + 69 + (51 - 134)?
24
What is 4 + (-26 - -16) + 2 + 4?
0
-1 + 0 + -1 + 19 + 4 + -7
14
-37 + 68 + -23 + (-1 - 19)
-12
Evaluate (5 + 0 - -4) + -7 + -15.
-13
65 - 26 - 13 - 20
6
-6 + (34 - 16 - 10)
2
Evaluate 3 + -9 + 18 - 1.
11
Evaluate -15 - (-14 + (-20 - -4)).
15
(-23 - -28) + (-2 - (-3 - -2) - -6)
10
What is (-7 - (3 + (-9 - 1))) + 4?
4
8 + (-11 - -18 - (0 + 3))
12
What is the value of -2 + 1 + 23 - (-21 + 50 - 38)?
31
Evaluate (-6 + 1 - (6 - 3)) + 3 + 2.
-3
-5 - (1 + 17 + (35 - 41))
-17
Evaluate 10 - 12 - (-9 + 7 + (-1 - -5)).
-4
Calculate (-2 - (0 - 0)) + -2 - (-1342 - -1340).
-2
What is 9 + -7 + -1 + (5 - (1 - 5))?
10
Evaluate 12 + -4 + -2 + (2 - 2 - 0).
6
Evaluate (14 + -29 - 6) + 31.
10
Evaluate (-8 + 4 - (2 + -4)) + (-15 - -12).
-5
-11 + (-8 - -5) + 122 + -72
36
(-1 - 3 - (22 + (-21 - 6))) + -16
-15
What is 5 + (-15 - -12) + 7?
9
Evaluate -10 - (-49 + (-9 - (-29 - (-5 + -4)))).
28
What is the value of (-17 - 2 - 0) + (-10 - (7 - 12))?
-24
Calculate 15 - 4 - ((-6 - -9) + -6).
14
5 + (-6 - (-6 - -21)) + 5
-11
Evaluate -7 - (-11 + -19 + 15).
8
What is the value of 1 + -15 + (27 - 7) + 0 + -12?
-6
Calculate -10 - (-39 - -16 - -16) - (-34 + -4).
35
Calculate 31 - 40 - ((-2 - 4) + -4).
1
-30 + 345 + -312 + (0 - 17)
-14
Evaluate (-6 - -5) + -3 + 18 + 1 + -4.
11
Calculate -64 + 17 + 29 + 2 + (1 - 0).
-15
Calculate 1 + (-9 - -14) + -9.
-3
-3 + (7 - -1) - (19 + (4 - 15))
-3
What is the value of -4 + 7 - (-23 - (8 - 17))?
17
Evaluate 3 + (1 - 2) - (-9 + (0 - -13)).
-2
-1241 + 1235 - ((-19 - 0) + -1 + 3)
11
What is -2 + (-13 - (-15 + 13))?
-13
Calculate 16 + -6 + -18 + (-4 - 2).
-14
Calculate -6 + 13 + -9 + 4 - -6.
8
2 + -9 + -3 + (-19 - -25) + -4
-8
What is (-1 - 0 - 3 - 1) + 0?
-5
Evaluate -3 + -5 + 12 + -4 + -4 + 3.
-1
What is -7 + ((-15 - -39) + -16 - (-1 - 2))?
4
What is (5 - (-10 + 21 + -1)) + 5?
0
-8 + (-18 - (7 + -15) - -3) + 12
-3
Evaluate 119 - 121 - (0 + -1 - 18).
17
Calculate 18 - (-29 + -2) - 25.
24
-3 - (7 - 7) - (-31 + 30)
-2
Calculate -8 - (-2 - -2) - -18 - (5 - 1).
6
26 - (-5 - (-50 - -26))
7
(-4 - (0 - 0 - 5)) + -6 - -11
6
Evaluate 7 + (20 - (-1 - -28)).
0
What is the value of 5 + 1 - (28 + -2 + -10)?
-10
What is -52 + 61 + -30 + 11?
-10
-12 + 5 + 30 - ((10 - 1) + 0)
14
What is 49 + 34 + -7 + -58?
18
-2 + 2 + 7 + -12 + 8
3
(3 + -8 - -1) + -3 + (1 - 0)
-6
Evaluate -14 - (10 + -7 - -3 - (-3 + 8)).
-15
7 + 2 + (-6 - (-7 + 6)) - -2
6
Evaluate -110 + 130 - (0 - (-4 - 5)).
11
Calculate (21 + -8 - 10) + -15 - -3.
-9
Evaluate -12 + -8 + 23 + -6.
-3
Evaluate 3 + -15 + (-2 + 2 - (19 + -16)).
-15
Calculate (-7 - 0 - -7) + 11 - 8.
3
Calculate 5 + 2 + 14 + (-23 - (-4 + -7)).
9
What is the value of -3 + (1 + 1 - 2) + (-1818 - -1806)?
-15
18 - 1 - ((-7 - -3) + 18 + -17)
20
6 + (21 - 13) + -18
-4
What is (-1 - 8) + -2 + 11?
0
What is (-5 + -5 + 4 - 0) + (0 - 5)?
-11
What is the value of -18 + 0 + 8 + (23 - 25)?
-12
What is 10 + -44 + (20 - 3)?
-17
What is the value of (5 - 9) + (8 - -3) - 13?
-6
What is -2300 + 2307 - (-19 + -1 + -1 + -2)?
30
Evaluate 84 + -157 + 95 + 2 + -2 + 2.
24
What is -17 - (-6 + (4 - (1 + -6)) - 5)?
-15
Evaluate (0 - (-1 - (-4 - (-7 - 9)))) + 1.
14
8 - ((9 - (-8 + 1)) + -7)
-1
Evaluate -6 + 6 + (37 - 22 - 2).
13
What is the value of -1 + 26 + -47 - (0 + 4)?
-26
Calculate 15 + -30 + -5 + 8 - -35.
23
What is -5 + (0 + (-1 - -2) - (3 + 2))?
-9
What is 0 - -10 - ((43 - 48) + 7 + 0)?
8
What is -19 + (29 - -4 - 16) + -26?
-28
Evaluate -1 + (-2 + -2 - 0) + 3.
-2
What is 9 + -6 + (-10 - -1 - 0) - 8?
-14
What is 1 - 9 - (2 + 22 + -20)?
-12
What is 12 - 20 - -20 - 5?
7
6 + (3 - (1 + 3 + 6) - 0)
-1
Evaluate -104 + 104 - (-3 + -9 - 0).
12
Evaluate 14 - (2 - -19) - 8.
-15
What is the value of (4 - 10) + 1 + 0 - (-4 - -8)?
-9
17 + -9 + (-6 - -1 - 5)
-2
What is ((-9 - 4) + 6 + 2 - 0) + 21?
16
Evaluate 14 - (-11 + 27 + -26).
24
11 + -6 + -5 + 6 - 6
0
What is 23 + (-58 - -14) - (1 + -1 + 7)?
-28
Calculate -49 + (33 - -5) + -11.
-22
22 - (6 + -13 - -7 - (5 + -11))
16
Calculate (-839 - -859) + -17 + 1 + -1.
3
29 + (-8 + (0 - 2) - (-113 - -108))
24
What is -8 + (13 - ((-5 - -5) + 5 - 9))?
9
-34 + (26 + 25 - 19)
-2
-25 + (-5 - (17 + -36))
-11
What is 217 + -240 + 17 + 2?
-4
17 + -20 + 9 + -19
-13
What is the value of ((2 - 7) + 7 - -10) + -7 - 3?
2
What is -9 - (-8 + 7 + -26 + 2)?
16
What is -7 - (-10 - (0 - 5 - -3))?
1
0 + -7 + (8 - 8) - (-17 + 7)
3
Calculate -10 - (10 + (-4 - -1)) - -29.
12
Calculate (0 - (2 + -1)) + 1 - 8.
-8
1 + (-1 - (0 + 4)) - (64 + -71)
3
What is -5 - ((139 - 138) + 0 + -3)?
-3
Evaluate (-16 - -21) + (1 + -10 - (2 - -1)).
-7
What is 3 + 1 + (6 - (1 + -5 + 8))?
6
2400 - 2393 - (2 - (0 + 29))
34
What is 18 + -30 + 0 + 22?
10
Calculate (3 - -5) + -9 - 10 - (4 + -1).
-14
What is the value of (0 - -7 - -5 - 8) + (2 - -5)?
11
Evaluate -85 + 83 - (3 + -3 - (-5 + 0)).
-7
What is -11 - (7 - 8) - (-8 - 17)?
15
What is the value of (-40 - -101) + -25 - 55?
-19
Calculate -12 - (4 + -2) - (115 + -157).
28
Evaluate (14 - 13) + -2 + (-5 - (3 - 3)).
-6
Calculate -6 + 2 + 1 - (0 - 3) - -6.
6
-5 + 3 + 19 + -5 + -8 + 2
6
Calculate 5 + (2 - (25 - 13)).
-5
-4 + (-6 - -12 - 9 - -5 - -6)
4
Evaluate -34 - -34 - (0 + 1 - 2 - -3).
-2
Calculate (-6 - (7 + -6)) + -4.
-11
What is -14 - (-22 - (3 - 18))?
-7
Evaluate -21 + 18 + -12 + 5.
-10
What is the value of -4 + (1 - (-8 - 1)) - 15?
-9
12 + -1 + -16 + -4 + 19
10
19 - (9 + -6 + -2 + 1)
17
(57 - 51) + (0 - 8)
-2
What is the value of (10 - 22) + (-2 - 10) - (-4 - 0)?
-20
Calculate 0 + -12 - (3 + 9 + -5).
-19
Calculate -6 + (-26 - -11) - -14.
-7
What is -5 + -1 - (23 + -25)?
-4
Evaluate 7 - (-26 - (-24 - -22)).
31
What is (11 - (-27 + 1)) + -7 + 0?
30
Calculate -1 - (7 + -5 + -4 + 5 + -1).
-3
Calculate 429 - 451 - (-10 - (-3 + 2)).
-13
What is the value of -217 - -226 - (-7 + -3 - 1)?
20
What is the value of -10 + 0 + (3 - (-9 + 12))?
-10
8 + (3 - 0 - ((-4 - 13) + 7))
21
Evaluate 79 + -70 + (-36 - (2 + -7)).
-22
What is 42 - 57 - (0 - (-3 - -2) - -1)?
-17
What is (1 - 11) + (5 - -17) + -3 + -9?
0
What is -12 + (-1 + 2 - (-54 + 50))?
-7
5 + 1 +